ded by j(18)?
98
Let d be (12 + -13)/((-1)/3). Suppose i + 2*k = -k + 20, 64 = 5*i + d*k. Suppose 0 = b, -b + 29 = -0*l + l. What is the remainder when l is divided by i?
7
Let z = 20 + -18. Suppose -b - 19 = -3*g, 5*g + 3*b - 45 = -z*b. What is the remainder when 24 is divided by (-7 + 4 - g)*(-2)/4?
4
Let p = 79 - 71. Let v be (-3)/(-2)*(-336)/(-36). Let u = v - p. Calculate the remainder when 28 is divided by u.
4
Suppose 213*f - 4307 - 337 = 468. Calculate the remainder when 5565 is divided by f.
21
Let c be (-22)/11*45/(-6). What is the remainder when 208 is divided by 2*(55/c + (-8)/(-6))?
8
What is the remainder when 252 is divided by (-88)/8 - 2 - -28?
12
Suppose -v = -10*v + 36. Suppose v*t - 3*t - 5*b = 26, -t + 30 = -3*b. Calculate the remainder when t is divided by 24.
12
Suppose -2*q - 103 = 5*d - 384, 3*q + 291 = 5*d. What is the remainder when d is divided by 22 + (1 - 3)*80/32 - -2?
0
What is the remainder when 114 is divided by 32*((-4)/(-48)*-87 - -8)?
18
Let d be (-162)/(-1) - 4/2. Suppose -15 = 3*u - 0*u, d = 3*n - 2*u. Suppose -26*m - 130 = -36*m. Calculate the remainder when n is divided by m.
11
Calculate the remainder when (10 + -26)*(2 - 16) is divided by 16.
0
Let w(p) = -2*p + 112. Let y be w(29). Suppose y*t = 60*t - 150. What is the remainder when 42 is divided by t?
17
Let w(z) = 2062*z - 14400. Suppose -2*d + 332 = 5*o, 2*d = 3 - 1. Calculate the remainder when o is divided by w(7).
32
Let i be 33/(-9) + (-3)/9 - 41. Let l = i - -137. What is the remainder when l is divided by 29?
5
Calculate the remainder when 2252 is divided by (7 - -51) + (-12 - 0 - 3/(-1)).
47
Suppose -3*p = -3*o - 120, -3*o - 50 = -4*p + 3*p. What is the remainder when 6432/64*(-2)/(-3) is divided by p?
32
Calculate the remainder when 114 is divided by 3/12*(44 + -24).
4
Let u(k) = k**2 - 172*k - 4221. What is the remainder when u(-30) is divided by 8?
7
Let q = 2694 - 2392. What is the remainder when q is divided by 4?
2
Suppose 12*s = -5 + 53. Suppose s*c - 5*c = -6. What is the remainder when 24 is divided by c?
0
Let q = 3808 - 3716. What is the remainder when 3033 is divided by q?
89
Let w = -87259 - -87292. Suppose -5*u = -1080 + 320. What is the remainder when u is divided by w?
20
Suppose 2*i + 0*i = -3*i. Suppose -2*d + 2*u + 140 = i, -5*d - 5*u + 332 = -u. What is the remainder when 338 is divided by d?
66
Suppose d = -458*v + 455*v + 14, -4*v + 34 = 2*d. What is the remainder when d is divided by 13?
10
Suppose 302 = 2*i - 2*m, -2*i + 431 - 123 = -4*m. Calculate the remainder when 579 is divided by i.
135
Let u(g) be the second derivative of g**4/12 + 9*g**3/2 + 18*g**2 - 55*g - 2. Calculate the remainder when u(-30) is divided by 34.
24
Suppose 71*n + 192*n - 25845 = -7435. What is the remainder when 9098 is divided by n?
68
Let w(l) = l**3 - 7*l**2 + 9*l - 2. Suppose 804 = 66*z - 186. Calculate the remainder when w(7) is divided by z.
1
Suppose -102*y = -1533 + 2035 - 1216. What is the remainder when 474/4 - 1/2 is divided by y?
6
Let t(u) = 14*u - 94. Let y(l) = -3*l**3 - l**2 - 4*l - 2. What is the remainder when t(8) is divided by y(-1)?
2
Suppose -17*a + 1242 + 887 = -13. Let m = 0 - 4. Calculate the remainder when a is divided by (78/4)/((-3)/m).
22
Calculate the remainder when 609/12 + ((-603)/36 - -17) is divided by 23.
5
Let t be ((-24)/30)/((-2)/(-70)). Let d be t/14 + -1 + 11. What is the remainder when 6 is divided by 14/d + (-1)/(-4)?
0
Suppose -7*h + 2429 = 38*h + 359. What is the remainder when 220 is divided by h?
36
Let n(h) = h**2 + 2*h - 4. Let a be n(-4). Suppose 0*t - 3*t + 9 = 0. Suppose -66 = -4*j + a*r + 54, t = r. What is the remainder when 195 is divided by j?
30
Suppose 759 + 1593 = 2*h. Suppose -5*o + 11*o = h. Suppose 2*f = -5*f + o. Calculate the remainder when f is divided by 11.
6
Let u(h) = 2*h - 5. Suppose 16*x - 307 = 77. Suppose -85 = -x*s + 203. What is the remainder when s is divided by u(4)?
0
Calculate the remainder when 12 + 72/(32/(-4)) + 9811 is divided by 65.
64
Suppose 7*q - 910 - 778 = 1742. What is the remainder when q is divided by 106?
66
Let s = 27 + -13. Suppose -6 = -2*v - v, -f + v - s = 0. Calculate the remainder when 14 is divided by 7 + -7 + f/(-3).
2
Let c = -173 + 316. Let g be ((-2)/(-11) + 27447/231)*1. Let w = c - g. Calculate the remainder when w is divided by 11.
2
Suppose 2*w - 80 = -518. Let s = w + 474. Calculate the remainder when s is divided by 43.
40
Suppose 2752 + 2880 = 25*r + 257. What is the remainder when 432 is divided by r?
2
Suppose -3*q + 26 = -0*q - 5*s, 3*q = -2*s + 40. Let z(x) = -3*x**3 + 37*x**2 - 6*x - 1. What is the remainder when z(q) is divided by 19?
14
Let m(w) = -21*w + 317. What is the remainder when 31 is divided by m(15)?
1
Suppose -96*s + 100*s - w - 73 = 0, 15 = -s + 5*w. Calculate the remainder when (-15)/(-10)*(1 - -37) is divided by s.
17
Suppose -3*b = 4*g - 2210, 7*b + 0*b - 5*g - 5085 = 0. Calculate the remainder when b is divided by 93.
79
Suppose 0 = -5*l - w + 5*w + 12, 4*l + 2*w = 20. Let h be l/(-10) + (-2)/(-5) - 0. Let q(s) = -9*s + 256. Calculate the remainder when q(h) is divided by 37.
34
Suppose 11*m - 9*m = 14. Suppose -w - c = -25, -3*c - 57 = 4*w - m*w. Calculate the remainder when w is divided by 16.
6
Let v(a) = 5*a**2 - 6*a + 7. Let s(t) = 77*t - 113. What is the remainder when v(4) is divided by s(2)?
22
Let s = 12066 - 7531. What is the remainder when s is divided by 6?
5
Let y be 5756/44 + (-4)/(-22). Suppose 1 = 11*p - y. Calculate the remainder when ((-92)/10)/(1/(-5)) is divided by p.
10
Let b be (-212)/(-2) + (-47 - -47). Let j = -77 + b. Calculate the remainder when 85 is divided by j.
27
Let v(u) = -u**2 - 24*u - 17. Let g(a) = 93*a - 1010. Calculate the remainder when g(12) is divided by v(-21).
14
Suppose 158 = -7*i + 165. Suppose -2*w + 51 = w. What is the remainder when 95 - (6 - i - 11) is divided by w?
16
Let q(w) be the first derivative of 27*w**2/2 - 33*w + 61. What is the remainder when 59 is divided by q(2)?
17
Suppose 44*d = -78*d + 73078. Calculate the remainder when 1833 is divided by d.
36
Suppose f + 5*s = -0*s + 253, -2*s = -2*f + 458. Calculate the remainder when f is divided by (-16)/((-96)/495) - 666/148.
77
Suppose 37*o + 2534 - 17771 = 6445. Calculate the remainder when o is divided by 12.
10
Suppose -q + 603 = 4*i, 0 = -q + i + 161 + 437. Let x(n) = n**3 - 274*n**2 - 832*n + 352. Calculate the remainder when q is divided by x(277).
74
Let d(p) = -30*p**2 - 1050*p + 11. What is the remainder when 124 is divided by d(-35)?
3
Let j = -7677 + 7970. What is the remainder when 1138 is divided by j?
259
What is the remainder when (598/(-6))/(8/240*-2*1) is divided by 12?
7
Let b(d) = d**3 + 119*d**2 + 1734*d + 75. Calculate the remainder when 5172 is divided by b(-102).
72
Let s be 80*((-10)/(200/55) + 4). Let c(v) = 9*v**2 + 5*v + 6. Let x be c(6). Suppose s - x = -4*d. What is the remainder when d is divided by 22?
21
Let v(a) be the second derivative of -3*a**5/20 + a**3/6 + 7*a**2/2 + 8*a + 2. What is the remainder when 164/6*(7 - 4) is divided by v(-2)?
24
Calculate the remainder when (-278 + 40/(-8))*(2 + 1)*-2 is divided by 21.
18
Let g be 0/7 - (-8)/2. Suppose l + 0 = -2*d + 15, 4*d = 3*l - 65. Let r = l + g. What is the remainder when 45 is divided by r?
22
Let y = -151 + 50. Let n = y - -129. What is the remainder when 139 is divided by n?
27
Suppose 14*u = 10*u + 32. Let j = 31 + u. Calculate the remainder when j is divided by 28.
11
Let r(u) = -u**2 + 31*u + 126. Let x be r(33). Suppose -x*n + 61*n = 83. Calculate the remainder when 246 is divided by n.
80
Suppose -4124 = -147*a + 8077. Let d = -8 + 19. What is the remainder when a is divided by d?
6
Suppose l - 3 = -4, 3*w - 3*l - 15 = 0. Suppose -4*a + 232 = 4*y, 9*a - 293 = w*a - 2*y. What is the remainder when 89 is divided by a?
30
Suppose -102*b + 15146 = 14738. What is the remainder when b is divided by (-5 + -3 + 5)*-1?
1
Suppose -93*g + 497904 = 91*g. Calculate the remainder when g is divided by 18.
6
Let s = -4467 - -4663. What is the remainder when s is divided by 39?
1
Suppose 2*s + 2 = -110. Let h = s + 102. Let j(k) = -k**2 - 6*k + 7. Calculate the remainder when h is divided by j(-5).
10
Let y be 6/(-27) + (